s digit of q/(3 - 4 - 0)?
3
Let d(k) = -k - 3. Let u be d(-5). Suppose -r - u = r. Let i = 12 - r. What is the tens digit of i?
1
Let t(z) = 8*z**3 - 4*z + 4. What is the units digit of t(2)?
0
Let a be 18/(-6) + 1*6. Suppose 2*l + a = 11. Suppose 4*z - l*w - 1 = 3, 5*z - 3*w - 13 = 0. What is the units digit of z?
5
Let n(p) = -p**3 + 6*p**2 + 3. Let q be n(6). Suppose -5*f + 3*f + q = -5*o, 4*o = -f + 8. What is the units digit of o?
1
What is the tens digit of 74/(15/6 - 2)?
4
Let h = 4 + -5. What is the tens digit of (3/1 - 18)/h?
1
Let u = -68 - -141. What is the units digit of u?
3
Suppose -5 - 5 = -5*y. Let s be 6 + 2/(-1 + y). Suppose -3*l + 7*l = s. What is the units digit of l?
2
Suppose 28 = x - 32. What is the tens digit of x?
6
Suppose -y = y - 94. What is the units digit of y?
7
What is the units digit of 2*9*(1 + 3 + -3)?
8
Let x be 14*(3/6 + -2). Let c be x/6*6*-1. Suppose -o - 2*o = -c. What is the units digit of o?
7
Let s(j) = -187 + 3*j + 0*j**2 - 2*j - 185 - j**2. Let p be s(0). What is the tens digit of 4/(-14) - p/28?
1
Let i = 3 - 1. What is the units digit of i?
2
Let j(f) = f - 8. Let b be j(10). Suppose 13 + 1 = b*d. What is the units digit of d?
7
Let d be 47/(-7) - (-4)/(-14). Let r = -100 - -86. What is the units digit of ((-12)/r)/((-1)/d)?
6
Let s = 155 - 118. What is the tens digit of s?
3
Suppose 3*c - 6*c + 72 = -g, -3*g = c - 24. What is the tens digit of c?
2
Suppose -3*l = 4*d + 2*l - 16, 0 = -2*d - 5*l + 8. Let s be (-1 + (-6)/(-4))*4. What is the units digit of ((-2)/d)/(s/(-60))?
5
Let x(f) be the third derivative of f**4/24 + f**2. Let s be 3/((-9)/(-6)) + 1. What is the units digit of x(s)?
3
Let i(u) = 3*u - 3. Let n be i(3). Let j = 21 + -11. Let h = j - n. What is the units digit of h?
4
Let x(d) = d**2 + 4*d - 5. Let u(t) = 3*t**2 + 11*t - 14. Let m(n) = -6*u(n) + 17*x(n). Let q be m(1). Let z = q - -1. What is the units digit of z?
1
Let w(x) = -3*x - 6. What is the units digit of w(-5)?
9
Suppose 1 - 7 = -3*c. Suppose -6 - c = -4*r. What is the units digit of r?
2
Let z(t) = -10*t**2 - t + 8. Let r(v) = -29*v**2 - 3*v + 23. Let p(w) = -6*r(w) + 17*z(w). What is the tens digit of p(2)?
1
Suppose -l = -2*l + 7. What is the units digit of (-3 - (-4)/(-4)) + l?
3
Let m(y) = y**3 - 9*y**2 + 8*y + 6. Let w be m(8). Let q(j) = -j**3 + 8*j**2 - 9*j + 9. What is the units digit of q(w)?
7
Suppose 17 = -2*c + 5*z, 4*c - 5*z = 11 - 30. Let r(t) = -92*t**2 + 107*t**2 - 3*t + 2*t. What is the units digit of r(c)?
6
Let n = -70 + 106. What is the units digit of n?
6
Let d be 2/(-14) + (-44)/(-14). Suppose 0 = -0*x + 4*x + d*q - 95, -q = -x + 22. What is the tens digit of x?
2
Let f be (1 + 3)/4 - -2. Let b = -1 + f. What is the units digit of b?
2
Suppose -3*k - 52 = -19. Let t = 0 + -17. Let d = k - t. What is the units digit of d?
6
Let w = 0 + 3. Let p = -3 + w. Suppose -3*z = -p*z - 15. What is the units digit of z?
5
Let u = 2 + -1. Suppose w + u = 4. Suppose 3*s + 4*t - 41 = 0, -s + w*s - 29 = -3*t. What is the units digit of s?
7
Let u = 254 - 28. What is the tens digit of u?
2
Let s = 476 - 329. What is the units digit of s?
7
Let s = 19 - 12. Suppose 0 = 4*b + 5*h - 11, 4*h = b + s - 36. What is the units digit of b?
9
Let g be 20/(-6)*12/(-10). Suppose -2*r = 4*q + 5 - 3, -4*q - 20 = -g*r. What is the units digit of r?
3
Let h(a) = a**3 + a - 2. Suppose -2*d - 45 = 3*d + 5*s, 5*d - 2*s = -10. Let w = 6 + d. What is the units digit of h(w)?
8
Let z = -20 - -35. Suppose 5*r = z, 4*h = -r + 1 - 18. What is the tens digit of h/((-2)/16*2)?
2
Let r = -5 + -4. Let d = 22 + r. What is the units digit of d?
3
Suppose 0 = -3*d + 30 + 6. What is the tens digit of d?
1
Suppose 14*c - 672 = 7*c. What is the units digit of c?
6
Let y(k) = -6*k - 1. Let r be (0 - 1)*(8 - 4). Let a be y(r). Suppose a + 42 = 5*x. What is the tens digit of x?
1
Let j be 7*(-3)/((-84)/16). Suppose 0 = -3*x + 5*h - 40, -h = 4*x + 2*h + 63. What is the units digit of (j - 1)/(x/(-10))?
2
What is the units digit of 4*(1/(-7) - (-1030)/56)?
3
Let m(t) = t**3 + 6*t**2 - 6*t - 3. Let l be (3/1)/(2/(-4)). What is the units digit of m(l)?
3
Suppose 12*d - 531 = 381. What is the tens digit of d?
7
Suppose -4*o - 61 = -0*o - 3*d, -2*o = 3*d + 17. Let m = o - -21. What is the units digit of ((-2)/4)/((-4)/m)?
1
Let v(r) = -11*r. Let g be 1*-1 - (-6 - -6). What is the units digit of v(g)?
1
What is the hundreds digit of -4*-3*(-4 + 14)?
1
Let q be (314/(-8))/((-3)/12). Let r = -112 + q. What is the tens digit of r?
4
What is the hundreds digit of -12*(492/(-9))/2?
3
Let b be (-2)/(-2)*(-8 - -6). Let l = 32 - 23. What is the units digit of (b/3)/((-1)/l)?
6
What is the hundreds digit of (331 - -8) + -8 - (-2 + 1)?
3
Suppose 2*q - 12 = -q. Suppose 0 = q*r - 4 - 40. What is the tens digit of r?
1
Suppose 4*g - 24 = -5*m + 10, 5*g - 29 = -4*m. What is the units digit of 185/25 - m/15?
7
Suppose -2*n = 3*n - 75. What is the units digit of n?
5
Let k(p) = p**2 - 4*p - 4. Let s be k(7). Let a = s + -34. What is the units digit of a/(-2) + (-2)/(-4)?
9
Suppose 4*x = 3*h - 10, -3*h + 30 = 2*h - 4*x. Let l be (-2)/(((-4)/h)/(-1)). Let t = 7 + l. What is the units digit of t?
2
Suppose -3*d - 5*f = 19, 4*d = d + 4*f - 28. Let n(b) = -b**3 - 8*b**2 - 2. Let g be n(d). Let z = 4 + g. What is the units digit of z?
2
Let h(c) be the third derivative of 3*c**2 - 1/24*c**4 + 0 + 0*c - 1/6*c**3. What is the units digit of h(-3)?
2
Let t(c) = -2*c - 1. Let x be t(-2). Suppose 4*h + h = 10. Suppose 0 = -x*r + h*r + 5. What is the units digit of r?
5
Let c(v) = -v**2 + 11*v + 11. Suppose -60 = -9*i + 3*i. What is the tens digit of c(i)?
2
Suppose 2*u - 4*j = -2*u - 36, -55 = 5*u - 3*j. What is the units digit of (-6)/(-21) + (-52)/u?
4
Let a(y) = y + 3. Let c be a(-3). Suppose -116 = -2*l + 2*o, c*l - 5*o - 78 = -l. What is the units digit of l?
3
Let i = 18 + -17. What is the units digit of i?
1
Suppose -4*b - 4*u - 27 + 759 = 0, 203 = b - 3*u. What is the tens digit of b?
8
Suppose 0 = 2*g - 2*q - 3*q - 15, g - q = 3. Suppose -4*u + 4 + 0 = g. Suppose -2*a - u = -p, 5*p - 8 = -2*a - 3. What is the units digit of p?
1
Suppose -n - 4*n = -60. Suppose -n = -4*h + 4. What is the units digit of h?
4
Let z be (-1)/(3 + 38/(-12)). What is the units digit of z/(-4) + 294/12?
3
Suppose 20 = w - 4*d, -4*w + w = 3*d - 120. What is the units digit of w?
6
Let o(j) = 10*j. What is the units digit of o(2)?
0
What is the tens digit of 9/(-6)*(-176)/12?
2
Let o(k) = -k**2 - 7*k - 7. Let m be o(-5). Let y(w) = -10*w**2 - 5 + w**3 + 0*w**3 - 10 - w**2 + m*w. What is the tens digit of y(11)?
1
Let s(z) = -2*z - 2. Let a be (-1)/(-5) - 93/15. What is the units digit of s(a)?
0
Let j(t) = t**3 - 5*t**2 + 5*t - 5. Let l(c) = 6*c**2 + c + 1. Let o be l(-1). Suppose -f = -v + o*v - 26, 3*f = -4*v + 23. What is the tens digit of j(v)?
2
Let x be ((-15)/5)/(2 + -1). What is the units digit of -30*1/(-2) + x?
2
Let m = 14 + -8. What is the units digit of m?
6
Suppose -11*l + 16*l - 35 = 0. Suppose 4*z + 84 = l*z. What is the units digit of z?
8
Let n(z) = 71*z + 5. What is the tens digit of n(1)?
7
Let c(o) = -10*o**2 - 3 - o**3 - 3*o + 3*o. Let f be c(-10). What is the units digit of 4 + f + 6*1?
7
Let v be 9/12 + (-510)/8. Let p be (-644)/v - (-4)/(-18). Suppose -2 = m - p. What is the units digit of m?
8
Suppose 0 = -6*k + k. Let w be 1 - 1/(2/(-10)). Suppose k*x - w = -x. What is the units digit of x?
6
Suppose -259 + 43 = -3*g. What is the units digit of g?
2
Let l(w) = 3*w**2 - w. Let q be l(1). Suppose -q = 2*f - 10. What is the units digit of f?
4
Let n(r) = -4*r - 44. What is the units digit of n(-12)?
4
Suppose -2*v + 16 = -2*c, v + 4*c - 18 = -0*v. What is the tens digit of (-6)/(-10) - (-144)/v?
1
Let j = -8 - -24. What is the units digit of j?
6
Let c(f) = -4*f - 3*f + 0 - 7 - f**2. What is the units digit of c(-5)?
3
Let z(x) = x**3 - 6*x**2 + 2*x - 7. Let t be z(6). Let j = -12 + 14. Suppose -t*w + j = -8. What is the units digit of w?
2
Suppose 0*l = -5*l. Let z be -2 + (-3 + 16 - 0). Suppose z = d - l. What is the tens digit of d?
1
Suppose 0 = 5*g - 3*t - 61, -g + 55 = 4*g - 5*t. What is the tens digit of g?
1
Let a be -3*(-17)/3*16. What is the tens digit of 3/2*a/12